 + 135 = -0*j. Let n = j + 48. What are the prime factors of n?
3
What are the prime factors of -2 + -2 + 4726/2?
7, 337
Let q be (-3)/(-12) - (-140)/16. Let i = q - 24. What are the prime factors of (-50)/i*3/2?
5
Let v(p) = p. Let i(t) = t**3 + 10*t**2 - 13*t - 19. Let j(u) = -i(u) - 2*v(u). What are the prime factors of j(-11)?
19
Let g be (-2)/(-6) + (-20)/(-3). Let z = g - 2. Suppose -u = -z*u + 8. List the prime factors of u.
2
Let x be 2/(-10) + (-64)/(-20). List the prime factors of x*((-525)/9)/(-7).
5
What are the prime factors of -30*2*783/(-36)?
3, 5, 29
Let z be (-1274)/(-70) - (-2)/(-10). Let x = 44 - z. List the prime factors of x.
2, 13
Let a = -42 + 228. Suppose -4*c + a = r, -2*r + c = 2*r - 693. Suppose 2*n - 3*n + 4*j = -61, -2*j - r = -4*n. List the prime factors of n.
41
Suppose -d + 30 = -12. Let n = d + -25. Suppose 0 = 2*z + 5*g + 4, -2*g + 3*g = 5*z - n. List the prime factors of z.
3
Let j(k) = 95*k**2 + k + 1. Let c(g) = -2*g**2 - 6*g - 1. Let x be c(-3). What are the prime factors of j(x)?
5, 19
Let b(z) = 4*z**2 - 17*z - 32. List the prime factors of b(14).
2, 257
Let p = 38 + -35. Suppose l + d - 42 = -0*d, 150 = p*l - 5*d. What are the prime factors of l?
3, 5
Suppose 4*z - 2*m = 5630, -27*z + 2*m = -22*z - 7038. List the prime factors of z.
2, 11
Let v = -381 + 387. What are the prime factors of v?
2, 3
Let r be (-14)/35 - 2/((-30)/2421). Suppose -4*b + 0*b - 160 = -2*c, -2*c = -3*b - r. List the prime factors of c.
2, 41
Suppose 0 = 6*n - n - 1790. What are the prime factors of n?
2, 179
Suppose 0*q - 140 = -4*q. Let h = -48 + 135. Suppose g - 26 = y, -3*y + q = 5*g - h. List the prime factors of g.
5
Suppose l - 5*d - 19 = 0, -8 = -4*l + 5*d - 2*d. Let m = l - -2. List the prime factors of -38*(-2)/4 - m.
2, 3
Suppose 0 = -31*x + 26*x + 120. What are the prime factors of x?
2, 3
Let q be (12/3 + 59)/1. Let w = q + 52. What are the prime factors of w?
5, 23
Let i be (-201)/(-7) - 6/(-21). Suppose -2*n + i = 3*a, -3*a + 4*n = -2 - 21. What are the prime factors of (a/(-2) + 3)*-14?
3, 7
Suppose -1409 - 871 = -5*o. List the prime factors of o.
2, 3, 19
Suppose 0 = m + 4, -r + 0*m = 5*m + 18. Suppose r*c = 35 + 167. List the prime factors of c.
101
Let i be 4/16 - (-26)/(-8). Let w = i - -8. Suppose -138 = -w*a + 2*z, -a + 0*z + 34 = -2*z. What are the prime factors of a?
2, 13
Suppose 397 = 4*m + 5*u, 2*m - 41 = -5*u + 160. Suppose m + 0 = 2*k. What are the prime factors of k?
7
Suppose -4*r + 490 = r. Let p = 293 - r. List the prime factors of (p/25 - 3)*10.
2, 3
Let v be (-56)/(-40) - 6/(-10). Suppose -v = 2*x - 6. Suppose -x*n = n - 48. What are the prime factors of n?
2
Let q(w) = w. Let b(y) = 4*y - 41. Let m(k) = -b(k) + 3*q(k). Let d be m(0). Suppose 5*r - 14 = d. List the prime factors of r.
11
Let z be (-1 - -8)*(-60)/(-35). Suppose 3*u = -5*s + 1 + 3, -3*u + 3*s + z = 0. What are the prime factors of (19 - -2) + 0 + u?
2, 3
Let v(x) = x. Let h be v(5). Suppose -5*p = -h*y - 450, 2*y + 108 - 14 = p. List the prime factors of p.
2, 43
Suppose -4*z + 3*z = 3. Suppose -3*d = -d - 4*k + 16, 4*d + 3*k = 1. List the prime factors of 4 + (2 + d - z).
7
Let h(z) = -5*z**2 - z + 23. Let g(j) = j**2 - j - 1. Let x(l) = -4*g(l) - h(l). List the prime factors of x(8).
5, 17
What are the prime factors of (117/78)/(1/338)?
3, 13
Let b(d) = -d**3 - 4*d**2 + 6*d + 11. Let a = -13 + 6. List the prime factors of b(a).
2, 29
Suppose 2*r = 5*r - 12. Let w = -39 - -45. List the prime factors of (-6)/r + 195/w.
31
Let f(i) = 19*i + 7. Let a(s) = -19*s - 6. Let o(b) = -4*a(b) - 3*f(b). Let d(n) = 18*n + 3. Let z(x) = -3*d(x) + 4*o(x). What are the prime factors of z(2)?
47
Let j(q) = 140*q + 58. List the prime factors of j(2).
2, 13
Suppose f + 4*o = 380, -3*f = f + 3*o - 1507. Let s = f - 253. What are the prime factors of s?
3, 41
Let o(n) = n**3 + 13*n**2 + 11*n - 11. Let y = -38 + 28. List the prime factors of o(y).
179
Suppose 4*a - 3 = 5. Let v(y) = -13*y - y**2 + 12*y**2 + a*y - 4 - y**3. What are the prime factors of v(9)?
59
List the prime factors of (67677/(-68))/(3/(-8)).
2, 1327
Let k be ((-32)/12)/(2/(-180)). Suppose -9*t + k = -4*t. List the prime factors of t.
2, 3
Let n(a) = -45*a**3. Let q be n(-1). What are the prime factors of 18/q*135/1?
2, 3
Suppose 5*k - 38 = 2. Let j = k + -3. Suppose 0 = -j*d + s + 24, -5*d = s + 2*s - 28. What are the prime factors of d?
5
Suppose -2*k + 18 = -3*k. Let m = k - -10. What are the prime factors of (585/(-26))/(6/m)?
2, 3, 5
Let w(j) = -j**3 + 27*j**2 - 38*j - 81. What are the prime factors of w(25)?
3, 73
Let l(a) = -83*a - 42. List the prime factors of l(-2).
2, 31
Let v = 14 - 10. Let i(t) = 4*t**2 - 6*t + 1. Let g be i(v). Let k = 63 - g. What are the prime factors of k?
2, 11
List the prime factors of 2*2358/12 - 4.
389
Let j = 855 + -831. What are the prime factors of j?
2, 3
Suppose -4*b - 19 = -23. What are the prime factors of 0/b - (6 + -140)?
2, 67
Let i(m) be the first derivative of m**3/3 + 3*m**2 - m - 1. Let t(u) = 55*u + 45. Let x be t(-1). What are the prime factors of i(x)?
3, 13
Suppose -16 + 4 = -4*y. Let s(k) = -4*k + 3. Let u be s(y). Let m = u - -11. What are the prime factors of m?
2
Suppose -4 = c - 2. Let u(p) = -11*p**3 + p**2 + 2*p - 1. What are the prime factors of u(c)?
3, 29
Let r = -64 - -119. List the prime factors of r + 3 - (-3)/(6/(-8)).
2, 3
Suppose -2106 = -148*c + 130*c. List the prime factors of c.
3, 13
What are the prime factors of ((-98)/5 - 4)/(1/(-35))?
2, 7, 59
Let n = 5998 + -3898. What are the prime factors of n?
2, 3, 5, 7
Let h(x) = 4*x**2 + 17*x - 9. Let j be h(-11). Suppose -312 = -6*a + j. List the prime factors of a.
2, 5
Let o(t) = 2*t + 13. Let x be o(-9). Let f = x - -13. Suppose 2*p - f = -2*p. What are the prime factors of p?
2
Suppose -6*i + 1912 = -152. List the prime factors of i.
2, 43
Suppose 8048 = 5*b + 2*g + 657, -4425 = -3*b + 2*g. Suppose 0 = -4*y + b + 1387. What are the prime factors of (-24)/(-108) + y/18?
2, 5
Let r(l) = -4*l**2 + 40*l + 10. List the prime factors of r(7).
2, 47
Suppose 3*y = 43 - 16. Suppose -4*k - 2*o + 4 = -0*o, 3*o = -2*k + 6. Suppose -f + 3 + y = k. What are the prime factors of f?
2, 3
List the prime factors of 6 + (5 - -856) + 3.
2, 3, 5, 29
Let b be -2 - ((-9)/(-3) - 1). Let p(a) = 4*a**2 + 7*a + 14. What are the prime factors of p(b)?
2, 5
Suppose 0 = -7*f + 44 + 341. Let h be 10/f - 8/44. What are the prime factors of (-3)/(h + -3)*18?
2, 3
Suppose -4*l - 5356 = -17*l. Let x = l + -252. List the prime factors of x.
2, 5
Let c(r) = 8*r + 13. Let g = 10 - 4. What are the prime factors of c(g)?
61
Let g(t) = -4*t**3 - t**2 + 1. Suppose -4*l + 2 = 6. Let m be g(l). Suppose 0 = 5*r - m*r - 59. List the prime factors of r.
59
Suppose -34*g - 96840 = -64*g. List the prime factors of g.
2, 3, 269
List the prime factors of ((-903)/(-126))/(3/1818).
43, 101
Let h(g) = -46*g**3 + 3*g**2 + g - 1. Suppose -4*j = 4*b + 20, -4*b + 7 = b - 3*j. What are the prime factors of h(b)?
47
Let g(y) = -2*y**2 + 16. Let n be g(10). Let b = -67 - n. List the prime factors of b.
3, 13
Suppose -4*v - 4*j + 440 = -2*j, -v = -3*j - 110. Suppose -v = -s - s. Suppose 0 = -2*y + 7*y - s. List the prime factors of y.
11
Let s(r) = -155*r + 414. What are the prime factors of s(-15)?
3, 11, 83
Let c(q) = -q**3 - 9*q**2 + 3. Let f be c(-9). Let z be (f - 3/1)/2. Suppose z*w + 84 = 4*w. List the prime factors of w.
3, 7
Let f be ((-1)/(-2))/(1/(-2)). Let m be (-78)/(-24) - f/(-4). Suppose -3*d + o = -41, -4*d - 5*o = -m*o - 38. List the prime factors of d.
2, 3
Let q = 3 - -1. Suppose -5*x + 60 = -x + q*p, 0 = -5*x + 5*p + 75. List the prime factors of x.
3, 5
Let d be 2/((-4)/(-130)) + 0. Let j = d - 24. What are the prime factors of j?
41
Suppose -3 = -z, 5*c - 9*z = -5*z + 113. What are the prime factors of c?
5
Let r(g) = 28*g - 7. Let w be r(4). Suppose j - w + 28 = 0. What are the prime factors of j?
7, 11
Let l(f) = -f**3 + 14*f**2 - 7*f - 1. Let d be l(13). Let k = d + -42. What are the prime factors of (-21)/k + (-256)/(-10)?
5
Let q(y) = -5*y**3 + 11*y**2 + 34*y + 12. What are the prime factors of q(-6)?
2, 3, 107
Let y = 1454 - 888. List the prime factors of y.
2, 283
Let j = 195 - 130. What are